lse
Does 63 divide 378?
True
Is 900 a multiple of 4?
True
Is 7 a factor of 109?
False
Is 20 a factor of 75940?
True
Is 62578 a multiple of 244?
False
Does 11 divide 606?
False
Does 58 divide 59334?
True
Does 69 divide 3450?
True
Is 25 a factor of 62075?
True
Is 1905 a multiple of 15?
True
Is 14 a factor of 574?
True
Does 30 divide 285?
False
Does 43 divide 217?
False
Is 145953 a multiple of 42?
False
Is 39 a factor of 4134?
True
Does 22 divide 748?
True
Does 191 divide 72726?
False
Does 109 divide 2725?
True
Is 53 a factor of 1749?
True
Is 902 a multiple of 2?
True
Is 80 a factor of 5280?
True
Is 10 a factor of 870?
True
Does 43 divide 43?
True
Does 36 divide 36209?
False
Is 20 a multiple of 10?
True
Is 970 a multiple of 40?
False
Is 59 a factor of 11243?
False
Does 24 divide 28248?
True
Does 18 divide 936?
True
Is 21 a factor of 539?
False
Does 126 divide 15750?
True
Is 9 a factor of 69912?
True
Does 27 divide 1097?
False
Does 40 divide 34680?
True
Does 85 divide 4845?
True
Is 1123 a multiple of 56?
False
Is 99 a factor of 23562?
True
Is 59085 a multiple of 303?
True
Does 20 divide 18044?
False
Is 20 a factor of 2720?
True
Is 55632 a multiple of 24?
True
Is 274 a factor of 13480?
False
Is 11 a factor of 1359?
False
Is 18 a factor of 7328?
False
Is 13908 a multiple of 57?
True
Is 666 a multiple of 37?
True
Is 16 a factor of 338?
False
Is 5565 a multiple of 21?
True
Is 6 a factor of 76?
False
Does 3 divide 3325?
False
Does 31 divide 2077?
True
Is 74 a factor of 2442?
True
Is 46 a factor of 1007?
False
Is 330 a multiple of 15?
True
Is 15 a factor of 461?
False
Does 131 divide 69503?
False
Is 10348 a multiple of 16?
False
Is 47 a factor of 1081?
True
Is 1438 a multiple of 30?
False
Is 23 a factor of 662?
False
Does 25 divide 34675?
True
Is 8 a factor of 442?
False
Is 6195 a multiple of 21?
True
Is 30 a factor of 5339?
False
Is 675 a multiple of 9?
True
Is 4850 a multiple of 10?
True
Is 323 a factor of 15015?
False
Is 15 a factor of 11295?
True
Does 12 divide 16476?
True
Is 25 a factor of 28200?
True
Does 14 divide 6398?
True
Is 16 a factor of 4503?
False
Does 39 divide 1404?
True
Is 50 a factor of 3800?
True
Does 28 divide 56?
True
Does 20 divide 26600?
True
Does 9 divide 1629?
True
Does 91 divide 8126?
False
Is 192 a factor of 4494?
False
Does 15 divide 39141?
False
Does 6 divide 54?
True
Is 12627 a multiple of 61?
True
Is 550 a multiple of 10?
True
Is 60 a factor of 3480?
True
Does 109 divide 18535?
False
Is 2091 a multiple of 35?
False
Is 675 a multiple of 9?
True
Is 318 a multiple of 16?
False
Does 39 divide 432?
False
Does 2 divide 1092?
True
Is 6 a factor of 874?
False
Is 16200 a multiple of 81?
True
Does 51 divide 1311?
False
Does 15 divide 12345?
True
Is 129 a factor of 5160?
True
Is 77 a factor of 616?
True
Does 6 divide 46?
False
Is 197 a factor of 19109?
True
Is 1241 a multiple of 30?
False
Is 5068 a multiple of 226?
False
Is 18 a factor of 396?
True
Does 2 divide 148?
True
Is 12450 a multiple of 13?
False
Is 270 a multiple of 5?
True
Is 35547 a multiple of 101?
False
Is 6 a factor of 102?
True
Does 72 divide 12456?
True
Is 8889 a multiple of 75?
False
Does 69 divide 10764?
True
Is 66 a factor of 5221?
False
Is 10 a factor of 11910?
True
Is 56 a factor of 5130?
False
Is 4 a factor of 5264?
True
Is 775 a multiple of 25?
True
Is 106 a factor of 664?
False
Does 60 divide 11520?
True
Does 27 divide 162?
True
Does 20 divide 16119?
False
Is 3992 a multiple of 13?
False
Does 109 divide 64637?
True
Is 7 a factor of 315?
True
Is 2 a factor of 196?
True
Is 4 a factor of 516?
True
Does 5 divide 39?
False
Is 9 a factor of 16119?
True
Is 46 a factor of 4513?
False
Is 68 a factor of 1088?
True
Is 9 a factor of 1666?
False
Does 18 divide 2700?
True
Is 20640 a multiple of 48?
True
Is 148 a factor of 48700?
False
Does 31 divide 6489?
False
Is 5472 a multiple of 57?
True
Does 55 divide 15290?
True
Is 1397 a multiple of 11?
True
Does 57 divide 2619?
False
Is 3220 a multiple of 14?
True
Is 66429 a multiple of 61?
True
Is 257 a multiple of 6?
False
Does 3 divide 2775?
True
Does 16 divide 4432?
True
Does 9 divide 1183?
False
Does 15 divide 219?
False
Is 6 a factor of 426?
True
Does 9 divide 1050?
False
Is 170 a factor of 38652?
False
Does 75 divide 2175?
True
Does 22 divide 790?
False
Does 3 divide 2439?
True
Does 24 divide 2688?
True
Does 27 divide 9855?
True
Is 7840 a multiple of 28?
True
Is 64923 a multiple of 19?
True
Does 114 divide 63270?
True
Is 9 a factor of 36?
True
Is 146 a factor of 3125?
False
Is 16 a factor of 445?
False
Is 47 a factor of 7148?
False
Is 689 a multiple of 53?
True
Is 27 a factor of 1451?
False
Does 7 divide 63?
True
Does 29 divide 5487?
False
Does 32 divide 42944?
True
Does 21 divide 14138?
False
Is 325 a multiple of 13?
True
Is 227 a factor of 53804?
False
Does 23 divide 92?
True
Is 11 a factor of 2988?
False
Is 13560 a multiple of 20?
True
Does 13 divide 1118?
True
Is 120 a multiple of 27?
False
Is 1274 a multiple of 49?
True
Does 13 divide 229?
False
Does 7 divide 126?
True
Is 67 a factor of 4367?
False
Does 14 divide 1446?
False
Is 12 a factor of 2654?
False
Does 17 divide 14553?
False
Is 26 a factor of 23036?
True
Does 13 divide 143?
True
Is 24786 a multiple of 243?
True
Does 30 divide 300?
True
Is 703 a multiple of 11?
False
Is 107 a factor of 2102?
False
Is 1990 a multiple of 10?
True
Is 4924 a multiple of 22?
False
Is 455 a multiple of 6?
False
Is 26 a factor of 122561?
False
Is 5393 even?
False
Is 75 a factor of 11482?
False
Does 21 divide 588?
True
Is 24 a factor of 82?
False
Is 10848 a multiple of 14?
False
Is 71498 a multiple of 14?
True
Does 6 divide 1326?
True
Does 12 divide 12984?
True
Is 64 a factor of 2688?
True
Is 6121 a multiple of 87?
False
Is 755 a multiple of 8?
False
Does 15 divide 4086?
False
Is 1575 a multiple of 35?
True
Does 25 divide 591?
False
Does 10 divide 280?
True
Is 1788 a multiple of 14?
False
Is 21 a factor of 14301?
True
Is 13 a factor of 78?
True
Is 12 a factor of 88?
False
Does 7 divide 2671?
False
Is 18040 a multiple of 55?
True
Does 35 divide 4547?
False
Is 10 a factor of 248?
False
Does 46 divide 21814?
False
Is 59 a factor of 147092?
False
Is 12 a factor of 1236?
True
Is 5605 a multiple of 19?
True
Is 64 a factor of 4672?
True
Is 36 a factor of 16561?
False
Does 12 divide 14254?
False
Is 21420 a multiple of 45?
True
Is 1062 a multiple of 119?
False
Is 154 a multiple of 10?
False
Is 62286 a multiple of 163?
False
Is 3549 a multiple of 21?
True
Does 188 divide 28649?
False
Is 101 a factor of 32926?
True
Is 247 a multiple of 50?
False
Is 308 a multiple of 5?
False
Is 8 a factor of 803?
False
Is 185 a multiple of 37?
True
Is 26 a factor of 1394?
False
Is 39780 a multiple of 30?
True
Is 2616 a multiple of 24?
True
Does 55 divide 1650?
True
Does 36 divide 43812?
True
Does 5 divide 790?
True
Does 6 divide 33883?
False
Is 27 a factor of 918?
True
Is 1900 a multiple of 4?
True
Is 301 a multiple of 7?
True
Is 115 a factor of 7245?
True
Is 31 a factor of 585?
False
Is 14850 a multiple of 55?
True
Does 6 divide 283?
False
Does 7 divide 6698?
False
Is 3 a factor of 23386?
False
Does 12 divide 38653?
False
Does 85 divide 4930?
True
Is 33 a factor of 15265?
False
Is 55 a factor of 2758?
False
Does 4 divide 7240?
True
Does 6 divide 24523?
False
Is 12556 a multiple of 21?
False
Is 658 a multiple of 47?
True
Is 12 a factor of 564?
True
Is 58 a factor of 11116?
False
Is 51501 a multiple of 164?
False
Is 730 a multiple of 5?
True
Does 138 divide 31649?
False
Does 11 divide 968?
True
Is 12 a factor of 132?
True
Does 7 divide 665?
True
Does 39 divide 897?
True
Is 7 a factor of 546?
True
Does 47 divide 470?
True
Does 7 divide 651?
True
Is 17408 a multiple of 32?
True
Is 20279 a multiple of 8?
False
Does 5 divide 4825?
True
Does 12 divide 180?
True
Is 2924 a multiple of 3?
False
Does 71 divide 14981?
True
Does 332 divide 3169?
False
Does 7 divide 3381?
True
Is 11 a factor of 37661?
False
Is 59 a multiple of 3?
False
Is 642 a multiple of 2?
True
Is 341 a multiple of 4?
False
Is 17 a factor of 154090?
False
Is 1208 a multiple of 37?
False
Is 15 a factor of 6135?
True
Is 71791 a multiple of 103?
True
Is 103 a factor of 9269?
False
Is 41515 a multiple of 95?
True
Is 11 a factor of 13228?
False
Is 6275 a multi